{"id":1360,"date":"2024-11-03T17:03:04","date_gmt":"2024-11-03T15:03:04","guid":{"rendered":"https:\/\/ukrainedefensesupport.org\/?post_type=ev&#038;p=1360"},"modified":"2025-01-18T14:54:10","modified_gmt":"2025-01-18T22:54:10","slug":"1000-days-of-the-full-scale-war-in-ukraine","status":"publish","type":"ev","link":"https:\/\/ukrainedefensesupport.org\/es\/ev\/1000-days-of-the-full-scale-war-in-ukraine\/","title":{"rendered":"1.000 d\u00edas de guerra a gran escala en Ucrania"},"content":{"rendered":"<div class=\"xdj266r x11i5rnm xat24cr x1mh8g0r x1vvkbs x126k92a\">\n<div dir=\"auto\"><span class=\"html-span xexx8yu x4uap5 x18d9i69 xkhd6sd x1hl2dhg x16tdsg8 x1vvkbs x3nfvp2 x1j61x8r x1fcty0u xdj266r xat24cr xgzva0m xhhsvwb xxymvpz xlup9mm x1kky2od\"><img decoding=\"async\" class=\"xz74otr\" src=\"https:\/\/static.xx.fbcdn.net\/images\/emoji.php\/v9\/t77\/1\/16\/203c.png\" alt=\"\u203c\ufe0f\" width=\"16\" height=\"16\" \/><\/span>\u00danase a nosotros hoy en Waterfront Park en Seattle de 4 PM a 7 PM mientras conmemoramos los 1000 d\u00edas de la guerra a gran escala en Ucrania.<\/div>\n<div dir=\"auto\"><\/div>\n<\/div>\n<div class=\"x11i5rnm xat24cr x1mh8g0r x1vvkbs xtlvy1s x126k92a\">\n<div dir=\"auto\"><span class=\"html-span xexx8yu x4uap5 x18d9i69 xkhd6sd x1hl2dhg x16tdsg8 x1vvkbs x3nfvp2 x1j61x8r x1fcty0u xdj266r xat24cr xgzva0m xhhsvwb xxymvpz xlup9mm x1kky2od\"><img decoding=\"async\" class=\"xz74otr\" src=\"https:\/\/static.xx.fbcdn.net\/images\/emoji.php\/v9\/tf2\/1\/16\/1f1fa_1f1e6.png\" alt=\"\ud83c\uddfa\ud83c\udde6\" width=\"16\" height=\"16\" \/><\/span>Aunque se pronostica viento, el cambio de presi\u00f3n es t\u00edpico de Seattle. El equipo de UDS est\u00e1 comprometido con la recolecci\u00f3n, llueva o haga sol.<\/div>\n<\/div>\n<div class=\"x11i5rnm xat24cr x1mh8g0r x1vvkbs xtlvy1s x126k92a\">\n<div dir=\"auto\">Te animamos a unirte si te sientes c\u00f3modo.<\/div>\n<div dir=\"auto\"><\/div>\n<\/div>\n<div dir=\"auto\">\n<div class=\"x11i5rnm xat24cr x1mh8g0r x1vvkbs xtlvy1s\"><strong>Cronograma:<\/strong><br class=\"html-br\" \/>\u2013 16:00 \u2013 Inicio del Rally<br class=\"html-br\" \/>\u2013 18:00 \u2013 Conmemoraci\u00f3n de las v\u00edctimas de la guerra y de los h\u00e9roes ca\u00eddos<\/div>\n<div class=\"x11i5rnm xat24cr x1mh8g0r x1vvkbs xtlvy1s\">Invita a tus amigos y familiares a unirse.<br class=\"html-br\" \/>Traigan velas, banderas ucranianas y estadounidenses, y carteles de protesta para mostrar su apoyo.<\/div>\n<div><\/div>\n<\/div>\n<div class=\"x11i5rnm xat24cr x1mh8g0r x1vvkbs xtlvy1s x126k92a\">\n<div dir=\"auto\">Abr\u00edguense bien, impermeabilicen sus carteles y mostremos nuestro apoyo a quienes soportan condiciones duras en primera l\u00ednea a diario.<\/div>\n<\/div>\n<div class=\"x11i5rnm xat24cr x1mh8g0r x1vvkbs xtlvy1s x126k92a\">\n<div dir=\"auto\">Tu presencia marca la diferencia. \u00a1Nos vemos all\u00ed!<\/div>\n<\/div>","protected":false},"featured_media":3687,"menu_order":0,"template":"","format":"standard","category_":[44,20],"class_list":["post-1360","ev","type-ev","status-publish","format-standard","has-post-thumbnail","hentry","category_-uds-event","category_-virtual"],"acf":[],"_links":{"self":[{"href":"https:\/\/ukrainedefensesupport.org\/es\/wp-json\/wp\/v2\/ev\/1360","targetHints":{"allow":["GET"]}}],"collection":[{"href":"https:\/\/ukrainedefensesupport.org\/es\/wp-json\/wp\/v2\/ev"}],"about":[{"href":"https:\/\/ukrainedefensesupport.org\/es\/wp-json\/wp\/v2\/types\/ev"}],"version-history":[{"count":0,"href":"https:\/\/ukrainedefensesupport.org\/es\/wp-json\/wp\/v2\/ev\/1360\/revisions"}],"wp:featuredmedia":[{"embeddable":true,"href":"https:\/\/ukrainedefensesupport.org\/es\/wp-json\/wp\/v2\/media\/3687"}],"wp:attachment":[{"href":"https:\/\/ukrainedefensesupport.org\/es\/wp-json\/wp\/v2\/media?parent=1360"}],"wp:term":[{"taxonomy":"category_","embeddable":true,"href":"https:\/\/ukrainedefensesupport.org\/es\/wp-json\/wp\/v2\/category_?post=1360"}],"curies":[{"name":"wp","href":"https:\/\/api.w.org\/{rel}","templated":true}]}}

1.000 días de guerra a gran escala en Ucrania

<div class="xdj266r x11i5rnm xat24cr x1mh8g0r x1vvkbs x126k92a">
<div dir="auto"><span class="html-span xexx8yu x4uap5 x18d9i69 xkhd6sd x1hl2dhg x16tdsg8 x1vvkbs x3nfvp2 x1j61x8r x1fcty0u xdj266r xat24cr xgzva0m xhhsvwb xxymvpz xlup9mm x1kky2od"><img decoding="async" class="xz74otr" src="https://static.xx.fbcdn.net/images/emoji.php/v9/t77/1/16/203c.png" alt="‼️" width="16" height="16" /></span>Únase a nosotros hoy en Waterfront Park en Seattle de 4 PM a 7 PM mientras conmemoramos los 1000 días de la guerra a gran escala en Ucrania.</div>
<div dir="auto"></div>
</div>
<div class="x11i5rnm xat24cr x1mh8g0r x1vvkbs xtlvy1s x126k92a">
<div dir="auto"><span class="html-span xexx8yu x4uap5 x18d9i69 xkhd6sd x1hl2dhg x16tdsg8 x1vvkbs x3nfvp2 x1j61x8r x1fcty0u xdj266r xat24cr xgzva0m xhhsvwb xxymvpz xlup9mm x1kky2od"><img decoding="async" class="xz74otr" src="https://static.xx.fbcdn.net/images/emoji.php/v9/tf2/1/16/1f1fa_1f1e6.png" alt="🇺🇦" width="16" height="16" /></span>Aunque se pronostica viento, el cambio de presión es típico de Seattle. El equipo de UDS está comprometido con la recolección, llueva o haga sol.</div>
</div>
<div class="x11i5rnm xat24cr x1mh8g0r x1vvkbs xtlvy1s x126k92a">
<div dir="auto">Te animamos a unirte si te sientes cómodo.</div>
<div dir="auto"></div>
</div>
<div dir="auto">
<div class="x11i5rnm xat24cr x1mh8g0r x1vvkbs xtlvy1s"><strong>Cronograma:</strong><br class="html-br" />– 16:00 – Inicio del Rally<br class="html-br" />– 18:00 – Conmemoración de las víctimas de la guerra y de los héroes caídos</div>
<div class="x11i5rnm xat24cr x1mh8g0r x1vvkbs xtlvy1s">Invita a tus amigos y familiares a unirse.<br class="html-br" />Traigan velas, banderas ucranianas y estadounidenses, y carteles de protesta para mostrar su apoyo.</div>
<div></div>
</div>
<div class="x11i5rnm xat24cr x1mh8g0r x1vvkbs xtlvy1s x126k92a">
<div dir="auto">Abríguense bien, impermeabilicen sus carteles y mostremos nuestro apoyo a quienes soportan condiciones duras en primera línea a diario.</div>
</div>
<div class="x11i5rnm xat24cr x1mh8g0r x1vvkbs xtlvy1s x126k92a">
<div dir="auto">Tu presencia marca la diferencia. ¡Nos vemos allí!</div>
</div>
