{"id":4436,"date":"2025-08-07T10:38:35","date_gmt":"2025-08-07T17:38:35","guid":{"rendered":"https:\/\/ukrainedefensesupport.org\/?post_type=causes&#038;p=4436"},"modified":"2025-08-07T10:48:40","modified_gmt":"2025-08-07T17:48:40","slug":"warehouse-to-warfront-what-would-be-wasted-is-what-they-need","status":"publish","type":"causes","link":"https:\/\/ukrainedefensesupport.org\/hu\/causes\/warehouse-to-warfront-what-would-be-wasted-is-what-they-need\/","title":{"rendered":"Rakt\u00e1rb\u00f3l a Warfrontba: Ami k\u00e1rba v\u00e9sz, az kell nekik"},"content":{"rendered":"<p><img decoding=\"async\" class=\"alignnone wp-image-4439 size-full\" src=\"https:\/\/ukrainedefensesupport.org\/wp-content\/uploads\/2025\/08\/Warehouse-to-Warfront_02.webp\" alt=\"\" width=\"605\" height=\"462\" srcset=\"https:\/\/ukrainedefensesupport.org\/wp-content\/uploads\/2025\/08\/Warehouse-to-Warfront_02.webp 605w, https:\/\/ukrainedefensesupport.org\/wp-content\/uploads\/2025\/08\/Warehouse-to-Warfront_02-300x229.webp 300w\" sizes=\"(max-width: 605px) 100vw, 605px\" \/><\/p>\n<p>Washington szerte bez\u00e1rnak a gy\u00f3gyszert\u00e1rak, \u00e9s a kifog\u00e1stalan orvosi felszerel\u00e9sek kidob\u00e1sra ker\u00fclnek. Egy olyan id\u0151szakban, amikor Ukrajn\u00e1ban a k\u00f3rh\u00e1zak \u00e9s az orvosok kritikus hi\u00e1nyokkal n\u00e9znek szembe, ez a pazarl\u00e1s sz\u00edvszor\u00edt\u00f3. Egy ritka lehet\u0151s\u00e9gnek k\u00f6sz\u00f6nhet\u0151en csapatunk nagy mennyis\u00e9g\u0171, kiv\u00e1l\u00f3 min\u0151s\u00e9g\u0171 k\u00e9szletet biztos\u00edtott, amelyek egy\u00e9bk\u00e9nt a hullad\u00e9klerak\u00f3kban v\u00e9gezt\u00e9k volna \u2013 olyan cikkeket, amelyekre Ukrajna v\u00e9d\u0151inek \u00e9s az els\u0151 vonalban dolgoz\u00f3 orvosoknak s\u00fcrg\u0151sen sz\u00fcks\u00e9g\u00fck van.<\/p>\n<p><img decoding=\"async\" class=\"alignnone wp-image-4440 size-full\" src=\"https:\/\/ukrainedefensesupport.org\/wp-content\/uploads\/2025\/08\/Warehouse-to-Warfront_03.webp\" alt=\"\" width=\"623\" height=\"261\" srcset=\"https:\/\/ukrainedefensesupport.org\/wp-content\/uploads\/2025\/08\/Warehouse-to-Warfront_03.webp 623w, https:\/\/ukrainedefensesupport.org\/wp-content\/uploads\/2025\/08\/Warehouse-to-Warfront_03-300x126.webp 300w\" sizes=\"(max-width: 623px) 100vw, 623px\" \/><br \/>\nMost sz\u00fcks\u00e9g\u00fcnk van a seg\u00edts\u00e9gedre, hogy eljuttassuk \u0151ket oda. Augusztus v\u00e9g\u00e9ig kaptunk id\u0151t a rakt\u00e1runk ki\u00fcr\u00edt\u00e9s\u00e9re, \u00e9s versenyfut\u00e1sban vagyunk az id\u0151vel, hogy addig mindent becsomagoljunk \u00e9s elsz\u00e1ll\u00edtsunk. Az adom\u00e1nyod k\u00f6zvetlen\u00fcl a seg\u00e9lysz\u00e1ll\u00edtm\u00e1ny sz\u00e1ll\u00edt\u00e1si k\u00f6lts\u00e9geinek fedez\u00e9s\u00e9re ford\u00edt\u00f3dik \u2013 nem majd valamikor, hanem most azonnal, amikor a legnagyobb sz\u00fcks\u00e9g van r\u00e1.<\/p>\n<p><img decoding=\"async\" class=\"alignnone wp-image-4441 size-full\" src=\"https:\/\/ukrainedefensesupport.org\/wp-content\/uploads\/2025\/08\/Warehouse-to-Warfront_04.webp\" alt=\"\" width=\"554\" height=\"437\" srcset=\"https:\/\/ukrainedefensesupport.org\/wp-content\/uploads\/2025\/08\/Warehouse-to-Warfront_04.webp 554w, https:\/\/ukrainedefensesupport.org\/wp-content\/uploads\/2025\/08\/Warehouse-to-Warfront_04-300x237.webp 300w\" sizes=\"(max-width: 554px) 100vw, 554px\" \/><\/p>","protected":false},"author":22,"featured_media":4438,"template":"","meta":{"_acf_changed":false},"class_list":["post-4436","causes","type-causes","status-publish","has-post-thumbnail","hentry"],"acf":[],"_links":{"self":[{"href":"https:\/\/ukrainedefensesupport.org\/hu\/wp-json\/wp\/v2\/causes\/4436","targetHints":{"allow":["GET"]}}],"collection":[{"href":"https:\/\/ukrainedefensesupport.org\/hu\/wp-json\/wp\/v2\/causes"}],"about":[{"href":"https:\/\/ukrainedefensesupport.org\/hu\/wp-json\/wp\/v2\/types\/causes"}],"author":[{"embeddable":true,"href":"https:\/\/ukrainedefensesupport.org\/hu\/wp-json\/wp\/v2\/users\/22"}],"wp:featuredmedia":[{"embeddable":true,"href":"https:\/\/ukrainedefensesupport.org\/hu\/wp-json\/wp\/v2\/media\/4438"}],"wp:attachment":[{"href":"https:\/\/ukrainedefensesupport.org\/hu\/wp-json\/wp\/v2\/media?parent=4436"}],"curies":[{"name":"munkaf\u00fczet","href":"https:\/\/api.w.org\/{rel}","templated":true}]}}

Raktárból a Warfrontba: Ami kárba vész, az kell nekik

<p><img decoding="async" class="alignnone wp-image-4439 size-full" src="https://ukrainedefensesupport.org/wp-content/uploads/2025/08/Warehouse-to-Warfront_02.webp" alt="" width="605" height="462" srcset="https://ukrainedefensesupport.org/wp-content/uploads/2025/08/Warehouse-to-Warfront_02.webp 605w, https://ukrainedefensesupport.org/wp-content/uploads/2025/08/Warehouse-to-Warfront_02-300x229.webp 300w" sizes="(max-width: 605px) 100vw, 605px" /></p>
<p>Washington szerte bezárnak a gyógyszertárak, és a kifogástalan orvosi felszerelések kidobásra kerülnek. Egy olyan időszakban, amikor Ukrajnában a kórházak és az orvosok kritikus hiányokkal néznek szembe, ez a pazarlás szívszorító. Egy ritka lehetőségnek köszönhetően csapatunk nagy mennyiségű, kiváló minőségű készletet biztosított, amelyek egyébként a hulladéklerakókban végezték volna – olyan cikkeket, amelyekre Ukrajna védőinek és az első vonalban dolgozó orvosoknak sürgősen szükségük van.</p>
<p><img decoding="async" class="alignnone wp-image-4440 size-full" src="https://ukrainedefensesupport.org/wp-content/uploads/2025/08/Warehouse-to-Warfront_03.webp" alt="" width="623" height="261" srcset="https://ukrainedefensesupport.org/wp-content/uploads/2025/08/Warehouse-to-Warfront_03.webp 623w, https://ukrainedefensesupport.org/wp-content/uploads/2025/08/Warehouse-to-Warfront_03-300x126.webp 300w" sizes="(max-width: 623px) 100vw, 623px" /><br />
Most szükségünk van a segítségedre, hogy eljuttassuk őket oda. Augusztus végéig kaptunk időt a raktárunk kiürítésére, és versenyfutásban vagyunk az idővel, hogy addig mindent becsomagoljunk és elszállítsunk. Az adományod közvetlenül a segélyszállítmány szállítási költségeinek fedezésére fordítódik – nem majd valamikor, hanem most azonnal, amikor a legnagyobb szükség van rá.</p>
<p><img decoding="async" class="alignnone wp-image-4441 size-full" src="https://ukrainedefensesupport.org/wp-content/uploads/2025/08/Warehouse-to-Warfront_04.webp" alt="" width="554" height="437" srcset="https://ukrainedefensesupport.org/wp-content/uploads/2025/08/Warehouse-to-Warfront_04.webp 554w, https://ukrainedefensesupport.org/wp-content/uploads/2025/08/Warehouse-to-Warfront_04-300x237.webp 300w" sizes="(max-width: 554px) 100vw, 554px" /></p>

munkafüzet
