{"id":4807,"date":"2026-08-08T20:48:19","date_gmt":"2026-08-09T03:48:19","guid":{"rendered":"https:\/\/ukrainedefensesupport.org\/?post_type=causes&#038;p=4807"},"modified":"2026-08-13T17:54:11","modified_gmt":"2026-08-14T00:54:11","slug":"send-free-ppe-for-zaporizhzhia","status":"publish","type":"causes","link":"https:\/\/ukrainedefensesupport.org\/hu\/causes\/send-free-ppe-for-zaporizhzhia\/","title":{"rendered":"Ingyenes egy\u00e9ni v\u00e9d\u0151felszerel\u00e9s k\u00fcld\u00e9se Zaporizzsja sz\u00e1m\u00e1ra"},"content":{"rendered":"<p id=\"isPasted\">A \u201cV\u00e9dj\u00fck meg h\u0151seinket: Egy\u00e9ni v\u00e9d\u0151felszerel\u00e9sek Zaporizzsje sz\u00e1m\u00e1ra\u201d kamp\u00e1ny nemcsak az alapvet\u0151 egy\u00e9ni v\u00e9d\u0151felszerel\u00e9sek biztos\u00edt\u00e1s\u00e1t c\u00e9lozza, hanem a k\u00f6z\u00f6ss\u00e9g t\u00e1mogat\u00e1s\u00e1t \u00e9s tudatoss\u00e1g\u00e1t is felkelti az eg\u00e9szs\u00e9g\u00fcgyi szakemberek \u00e1ltal a frontvonal k\u00f6zel\u00e9ben, sz\u00e9ls\u0151s\u00e9ges \u00e9s vesz\u00e9lyes k\u00f6r\u00fclm\u00e9nyek k\u00f6z\u00f6tt v\u00e9gzett l\u00e9tfontoss\u00e1g\u00fa munk\u00e1val kapcsolatban.<\/p>\n<h3>A c\u00e9l<\/h3>\n<p>C\u00e9lunk, hogy 12 000 doll\u00e1rt gy\u0171jts\u00fcnk \u00f6ssze 21 raklap (k\u00f6r\u00fclbel\u00fcl 6 tonna) alapvet\u0151 orvosi egy\u00e9ni v\u00e9d\u0151felszerel\u00e9s (PPE) kisz\u00e1ll\u00edt\u00e1s\u00e1ra a zaporizzsjai (Ukrajna) 2 brig\u00e1d orvosi egys\u00e9geihez. Ezeket a kiv\u00e1l\u00f3 min\u0151s\u00e9g\u0171 egy\u00e9ni v\u00e9d\u0151felszerel\u00e9seket az UDS-nek adom\u00e1nyoztuk, \u00e9s a Bremertonban (Washington \u00e1llam) tal\u00e1lhat\u00f3 rakt\u00e1rakb\u00f3l k\u00e9szen \u00e1llnak a sz\u00e1ll\u00edt\u00e1sra.<\/p>\n<p id=\"isPasted\">A k\u00f6vetkez\u0151 brig\u00e1dok t\u00e1mogat\u00e1s\u00e1t tervezz\u00fck:<\/p>\n<p><img decoding=\"async\" class=\"fr-draggable\" src=\"https:\/\/donorbox.org\/campaigns\/assets\/Yu0bEMebTra01BsVlwfK?resize=true\" width=\"104\" height=\"125\" \/>A7037 \u2013 109. Donyecki K\u00fcl\u00f6n Ter\u00fcleti V\u00e9delmi Dand\u00e1r<\/p>\n<p><img decoding=\"async\" class=\"fr-draggable\" src=\"https:\/\/donorbox.org\/campaigns\/assets\/1yglA4uT3WBHto87B13w?resize=true\" width=\"102\" height=\"122\" \/>A7038 \u2013 260. Zaporizhzhia k\u00fcl\u00f6n ter\u00fcletv\u00e9delmi dand\u00e1r \u201cKhortycia\u201d<\/p>\n<h3 data-path-to-node=\"5\"><b data-path-to-node=\"5\" data-index-in-node=\"0\">Mi\u00e9rt olyan fontosak az orvosi felszerel\u00e9sek Ukrajna sz\u00e1m\u00e1ra?<\/b><\/h3>\n<p id=\"p-rc_83efeb2e7eb50994-23\" data-path-to-node=\"6\">Az ukrajnai eg\u00e9szs\u00e9g\u00fcgyi v\u00e1ls\u00e1g nem csup\u00e1n a h\u00e1bor\u00fa mell\u00e9kterm\u00e9ke, hanem egy szisztematikus, az eg\u00e9szs\u00e9g\u00fcgyi rendszert c\u00e9lz\u00f3 kamp\u00e1ny eredm\u00e9nye. <span class=\"citation-19 citation-end-19\">Az orosz l\u00e9gicsap\u00e1sok sz\u00e1nd\u00e9kosan a polg\u00e1ri eg\u00e9szs\u00e9g\u00fcgyi infrastrukt\u00far\u00e1t c\u00e9lozz\u00e1k meg, <a href=\"https:\/\/www.attacksonhealthukraine.org\/\" rel=\"noopener\">az ell\u00e1t\u00e1s egyszer\u0171 cselekedet\u00e9b\u0151l egy hal\u00e1los k\u00fcldet\u00e9s<\/a>:<\/span><\/p>\n<p data-path-to-node=\"6\"><b data-path-to-node=\"7,0,0\" data-index-in-node=\"0\">K\u00f3rh\u00e1zak \u00e9s klinik\u00e1k c\u00e9lcsoportja:<\/b> Oroszorsz\u00e1g t\u00f6bb sz\u00e1z orvosi int\u00e9zm\u00e9nyt, sz\u00fcl\u00e9szeti oszt\u00e1lyt \u00e9s traumatol\u00f3giai k\u00f6zpontot bomb\u00e1zott vagy t\u00fcz\u00e9rs\u00e9gi t\u00e1mad\u00e1snak vetett al\u00e1. <span class=\"citation-18 citation-end-18\">A k\u00f6rnyez\u0151 k\u00f3rh\u00e1zak messze t\u00fall\u00e9pik a kapacit\u00e1sukat, \u00e9s rengeteg beteget l\u00e1tnak el, mik\u00f6zben... <a href=\"https:\/\/news.un.org\/en\/story\/2026\/05\/1167468#:~:text=The%20World%20Health%20Organization%20(WHO)%20has%20verified,warehouses.%20Tweet%20URL.%20%E2%80%9CThis%20cannot%20be%20normalized%E2%80%9D.\" rel=\"noopener\">\u00e1lland\u00f3 bomb\u00e1z\u00e1si fenyeget\u00e9s<\/a>.<\/span><\/p>\n<p data-path-to-node=\"6\"><b data-path-to-node=\"7,1,0\" data-index-in-node=\"0\">Orvosi rakt\u00e1rak megsemmis\u00edt\u00e9se:<\/b> <span class=\"citation-17 citation-end-17\">A strat\u00e9giai csap\u00e1sok rendszeresen c\u00e9lozz\u00e1k a k\u00f6zponti gy\u00f3gyszer\u00e9szeti k\u00f6zpontokat \u00e9s az orvosi rakt\u00e1rakat, megsemmis\u00edtve az inzulin, az antibiotikumok \u00e9s a seb\u00e9szeti eszk\u00f6z\u00f6k kritikus k\u00e9szleteit, miel\u0151tt azok eljuthatn\u00e1nak a betegekhez.<\/span><\/p>\n<p>&nbsp;<\/p>\n<div>\n<div>\n<figure>\n<figure><img decoding=\"async\" class=\"fr-draggable\" src=\"https:\/\/helpukrainianhospitals.com\/wp-content\/uploads\/2026\/06\/image_5-jpg.webp\" width=\"960\" height=\"960\" data-fr-image-pasted=\"true\" data-dominant-color=\"686057\" data-has-transparency=\"false\" \/><\/figure>\n<\/figure>\n<\/div>\n<\/div>\n<p data-path-to-node=\"6\"><b data-path-to-node=\"7,2,0\" data-index-in-node=\"0\">T\u00e1mad\u00e1sok az els\u0151seg\u00e9lyny\u00fajt\u00f3k \u00e9s az eg\u00e9szs\u00e9g\u00fcgyi dolgoz\u00f3k ellen:<\/b> <span class=\"citation-16 citation-end-16\">A s\u00fcrg\u0151ss\u00e9gi szolg\u00e1latok dolgoz\u00f3i, a ment\u0151\u00e1pol\u00f3k \u00e9s a ment\u0151szem\u00e9lyzet rendk\u00edv\u00fcli vesz\u00e9lyben vannak.<\/span> <span class=\"citation-15 citation-end-15\">A ment\u0151s\u00f6ket a terepen veszik c\u00e9lba, \u00e9s a \u201cdupla csap\u00e1sos\u201d t\u00e1mad\u00e1sok gyakran \u00e9rik a s\u00fcrg\u0151ss\u00e9gi szem\u00e9lyzetet, amint meg\u00e9rkeznek az \u00e1ldozatok megment\u00e9s\u00e9re.<\/span><\/p>\n<h3 data-path-to-node=\"6\">Partnereink: az adom\u00e1nyoz\u00f3k \u00e9s a forgalmaz\u00f3k<\/h3>\n<p id=\"isPasted\"><strong>Partner\u00fcnk<\/strong>Seg\u00edts\u00e9g az Ukr\u00e1n K\u00f3rh\u00e1zaknak (HUH)<\/p>\n<p id=\"isPasted\">A HUH egy 501c3 0 szervezet, az EIN sz\u00e1ma 88-1225909.<\/p>\n<p>A HUH t\u00f6bb \u00e9ves tapasztalattal rendelkezik az orvosi t\u00e1mogat\u00e1s adom\u00e1nygy\u0171jt\u00e9s\u00e9ben Ukrajn\u00e1ban. A Meest International \u00e1ltali sz\u00e1ll\u00edt\u00e1st k\u00f6vet\u0151en \u0151k fogj\u00e1k \u00e1tvenni \u00e9s felel\u0151ss\u00e9 tenni az \u00f6sszes koordin\u00e1ci\u00f3t \u00e9s logisztik\u00e1t. Van egy irod\u00e1juk Ukrajn\u00e1ban, \u00e9s j\u00f3 kapcsolatokkal rendelkeznek a dnyiproi \u00e9s zaporizzsjai katonai orvosi k\u00f6z\u00f6ss\u00e9ggel. A kamp\u00e1ny r\u00e9szletei itt tal\u00e1lhat\u00f3k.\u00a0<a id=\"isPasted\" href=\"https:\/\/helpukrainianhospitals.com\/ppe4ukraine\/\" data-fr-linked=\"true\" rel=\"noopener\">https:\/\/helpukrainianhospitals.com\/ppe4ukraine\/<\/a><\/p>\n<p id=\"isPasted\"><strong>A PPE-ell\u00e1t\u00e1st ny\u00fajt\u00f3 donor<\/strong> Kitsap megy\u00e9ben, Washington \u00e1llamban tal\u00e1lhat\u00f3<\/p>\n<p>Ukr\u00e1n v\u00e9delmi t\u00e1mogat\u00e1s \u00e9s seg\u00edts\u00e9g Az ukr\u00e1n k\u00f3rh\u00e1zak 7 tonna szem\u00e9lyi v\u00e9d\u0151felszerel\u00e9st (PPE) adom\u00e1nyoztak \u00e9s sz\u00e1ll\u00edtottak, bele\u00e9rtve keszty\u0171ket, k\u00f6penyeket, fert\u0151tlen\u00edt\u0151szereket \u00e9s egyebeket.<\/p>\n<p>Az ukr\u00e1n orvosok \u00e9s eg\u00e9szs\u00e9g\u00fcgyi dolgoz\u00f3k a frontvonal k\u00f6zel\u00e9ben nap mint nap \u00e9leteket mentenek. Sebes\u00fclt katon\u00e1kat \u00e9s civileket kezelnek hihetetlen\u00fcl neh\u00e9z k\u00f6r\u00fclm\u00e9nyek k\u00f6z\u00f6tt, gyakran korl\u00e1tozott k\u00e9szletekkel.<\/p>\n<div>\n<div>\n<figure>\n<figure><img decoding=\"async\" class=\"fr-draggable\" src=\"https:\/\/helpukrainianhospitals.com\/wp-content\/uploads\/2026\/06\/image_6-jpg.webp\" width=\"960\" height=\"960\" data-fr-image-pasted=\"true\" data-dominant-color=\"5e5c55\" data-has-transparency=\"false\" \/><\/figure>\n<\/figure>\n<\/div>\n<\/div>\n<div>\n<p>V\u00e9kony a hat\u00e1rvonal a biztons\u00e1gos ell\u00e1t\u00e1s \u00e9s a vesz\u00e9lyes expoz\u00edci\u00f3 k\u00f6z\u00f6tt a sebes\u00fclt betegek, az orvosok, az orvosok \u00e9s az eg\u00e9szs\u00e9g\u00fcgyi dolgoz\u00f3k sz\u00e1m\u00e1ra, \u00e9s ennek v\u00e9delme \u00e9leteket menthet. Ez\u00e9rt az alapvet\u0151 eldobhat\u00f3 eszk\u00f6z\u00f6k, mint p\u00e9ld\u00e1ul a tiszta keszty\u0171k, a vizsg\u00e1l\u00f3k\u00f6nt\u00f6s\u00f6k \u00e9s a fert\u0151tlen\u00edt\u0151 t\u00f6rl\u0151kend\u0151k, k\u00f6nnyen figyelmen k\u00edv\u00fcl hagyott, de l\u00e9tfontoss\u00e1g\u00fa szerepet j\u00e1tszanak a fert\u0151z\u00e9sek megel\u0151z\u00e9s\u00e9ben.<\/p>\n<\/div>\n<figure><strong>Seg\u00edtsetek nek\u00fcnk egy\u00e9ni v\u00e9d\u0151felszerel\u00e9st biztos\u00edtani a b\u00e1tor ukr\u00e1noknak, akik a szabads\u00e1guk\u00e9rt k\u00fczdenek!<\/strong><\/p>\n<h3>Jogi nyilatkozatok<\/h3>\n<ul class=\"disclaimer-list\">\n<li>Az Ukraine Defense Support egy bejegyzett 501(c)3 nonprofit szervezet (EIN 92-2693929). Az UDS teljes eg\u00e9sz\u00e9ben fizet\u00e9s n\u00e9lk\u00fcli \u00f6nk\u00e9ntesekb\u0151l \u00e1ll. Az adom\u00e1nyod 100%-ja kritikus seg\u00edts\u00e9gny\u00fajt\u00e1sra ford\u00edt\u00f3dik.<\/li>\n<li>Az Ukraine Defense Support nem hal\u00e1los felszerel\u00e9seket biztos\u00edt az ukr\u00e1n v\u00e9d\u0151knek, amelyek seg\u00edtenek megmenteni az \u00e9let\u00fcket.<\/li>\n<li>Az Ukraine Defense Support nem v\u00e1s\u00e1rol, nem sz\u00e1ll\u00edt \u00e9s nem is kezel katonai fegyvereket, \u00e9s soha nem is fog.<\/li>\n<\/ul>\n<\/figure>","protected":false},"author":26,"featured_media":4826,"template":"","meta":{"_acf_changed":false},"class_list":["post-4807","causes","type-causes","status-publish","has-post-thumbnail","hentry"],"acf":[],"_links":{"self":[{"href":"https:\/\/ukrainedefensesupport.org\/hu\/wp-json\/wp\/v2\/causes\/4807","targetHints":{"allow":["GET"]}}],"collection":[{"href":"https:\/\/ukrainedefensesupport.org\/hu\/wp-json\/wp\/v2\/causes"}],"about":[{"href":"https:\/\/ukrainedefensesupport.org\/hu\/wp-json\/wp\/v2\/types\/causes"}],"author":[{"embeddable":true,"href":"https:\/\/ukrainedefensesupport.org\/hu\/wp-json\/wp\/v2\/users\/26"}],"wp:featuredmedia":[{"embeddable":true,"href":"https:\/\/ukrainedefensesupport.org\/hu\/wp-json\/wp\/v2\/media\/4826"}],"wp:attachment":[{"href":"https:\/\/ukrainedefensesupport.org\/hu\/wp-json\/wp\/v2\/media?parent=4807"}],"curies":[{"name":"munkaf\u00fczet","href":"https:\/\/api.w.org\/{rel}","templated":true}]}}

Ingyenes egyéni védőfelszerelés küldése Zaporizzsja számára

<p id="isPasted">A “Védjük meg hőseinket: Egyéni védőfelszerelések Zaporizzsje számára” kampány nemcsak az alapvető egyéni védőfelszerelések biztosítását célozza, hanem a közösség támogatását és tudatosságát is felkelti az egészségügyi szakemberek által a frontvonal közelében, szélsőséges és veszélyes körülmények között végzett létfontosságú munkával kapcsolatban.</p>
<h3>A cél</h3>
<p>Célunk, hogy 12 000 dollárt gyűjtsünk össze 21 raklap (körülbelül 6 tonna) alapvető orvosi egyéni védőfelszerelés (PPE) kiszállítására a zaporizzsjai (Ukrajna) 2 brigád orvosi egységeihez. Ezeket a kiváló minőségű egyéni védőfelszereléseket az UDS-nek adományoztuk, és a Bremertonban (Washington állam) található raktárakból készen állnak a szállításra.</p>
<p id="isPasted">A következő brigádok támogatását tervezzük:</p>
<p><img decoding="async" class="fr-draggable" src="https://donorbox.org/campaigns/assets/Yu0bEMebTra01BsVlwfK?resize=true" width="104" height="125" />A7037 – 109. Donyecki Külön Területi Védelmi Dandár</p>
<p><img decoding="async" class="fr-draggable" src="https://donorbox.org/campaigns/assets/1yglA4uT3WBHto87B13w?resize=true" width="102" height="122" />A7038 – 260. Zaporizhzhia külön területvédelmi dandár “Khortycia”</p>
<h3 data-path-to-node="5"><b data-path-to-node="5" data-index-in-node="0">Miért olyan fontosak az orvosi felszerelések Ukrajna számára?</b></h3>
<p id="p-rc_83efeb2e7eb50994-23" data-path-to-node="6">Az ukrajnai egészségügyi válság nem csupán a háború mellékterméke, hanem egy szisztematikus, az egészségügyi rendszert célzó kampány eredménye. <span class="citation-19 citation-end-19">Az orosz légicsapások szándékosan a polgári egészségügyi infrastruktúrát célozzák meg, <a href="https://www.attacksonhealthukraine.org/" rel="noopener">az ellátás egyszerű cselekedetéből egy halálos küldetés</a>:</span></p>
<p data-path-to-node="6"><b data-path-to-node="7,0,0" data-index-in-node="0">Kórházak és klinikák célcsoportja:</b> Oroszország több száz orvosi intézményt, szülészeti osztályt és traumatológiai központot bombázott vagy tüzérségi támadásnak vetett alá. <span class="citation-18 citation-end-18">A környező kórházak messze túllépik a kapacitásukat, és rengeteg beteget látnak el, miközben... <a href="https://news.un.org/en/story/2026/05/1167468#:~:text=The%20World%20Health%20Organization%20(WHO)%20has%20verified,warehouses.%20Tweet%20URL.%20%E2%80%9CThis%20cannot%20be%20normalized%E2%80%9D." rel="noopener">állandó bombázási fenyegetés</a>.</span></p>
<p data-path-to-node="6"><b data-path-to-node="7,1,0" data-index-in-node="0">Orvosi raktárak megsemmisítése:</b> <span class="citation-17 citation-end-17">A stratégiai csapások rendszeresen célozzák a központi gyógyszerészeti központokat és az orvosi raktárakat, megsemmisítve az inzulin, az antibiotikumok és a sebészeti eszközök kritikus készleteit, mielőtt azok eljuthatnának a betegekhez.</span></p>
<p>&nbsp;</p>
<div>
<div>
<figure>
<figure><img decoding="async" class="fr-draggable" src="https://helpukrainianhospitals.com/wp-content/uploads/2026/06/image_5-jpg.webp" width="960" height="960" data-fr-image-pasted="true" data-dominant-color="686057" data-has-transparency="false" /></figure>
</figure>
</div>
</div>
<p data-path-to-node="6"><b data-path-to-node="7,2,0" data-index-in-node="0">Támadások az elsősegélynyújtók és az egészségügyi dolgozók ellen:</b> <span class="citation-16 citation-end-16">A sürgősségi szolgálatok dolgozói, a mentőápolók és a mentőszemélyzet rendkívüli veszélyben vannak.</span> <span class="citation-15 citation-end-15">A mentősöket a terepen veszik célba, és a “dupla csapásos” támadások gyakran érik a sürgősségi személyzetet, amint megérkeznek az áldozatok megmentésére.</span></p>
<h3 data-path-to-node="6">Partnereink: az adományozók és a forgalmazók</h3>
<p id="isPasted"><strong>Partnerünk</strong>Segítség az Ukrán Kórházaknak (HUH)</p>
<p id="isPasted">A HUH egy 501c3 0 szervezet, az EIN száma 88-1225909.</p>
<p>A HUH több éves tapasztalattal rendelkezik az orvosi támogatás adománygyűjtésében Ukrajnában. A Meest International általi szállítást követően ők fogják átvenni és felelőssé tenni az összes koordinációt és logisztikát. Van egy irodájuk Ukrajnában, és jó kapcsolatokkal rendelkeznek a dnyiproi és zaporizzsjai katonai orvosi közösséggel. A kampány részletei itt találhatók. <a id="isPasted" href="https://helpukrainianhospitals.com/ppe4ukraine/" data-fr-linked="true" rel="noopener">https://helpukrainianhospitals.com/ppe4ukraine/</a></p>
<p id="isPasted"><strong>A PPE-ellátást nyújtó donor</strong> Kitsap megyében, Washington államban található</p>
<p>Ukrán védelmi támogatás és segítség Az ukrán kórházak 7 tonna személyi védőfelszerelést (PPE) adományoztak és szállítottak, beleértve kesztyűket, köpenyeket, fertőtlenítőszereket és egyebeket.</p>
<p>Az ukrán orvosok és egészségügyi dolgozók a frontvonal közelében nap mint nap életeket mentenek. Sebesült katonákat és civileket kezelnek hihetetlenül nehéz körülmények között, gyakran korlátozott készletekkel.</p>
<div>
<div>
<figure>
<figure><img decoding="async" class="fr-draggable" src="https://helpukrainianhospitals.com/wp-content/uploads/2026/06/image_6-jpg.webp" width="960" height="960" data-fr-image-pasted="true" data-dominant-color="5e5c55" data-has-transparency="false" /></figure>
</figure>
</div>
</div>
<div>
<p>Vékony a határvonal a biztonságos ellátás és a veszélyes expozíció között a sebesült betegek, az orvosok, az orvosok és az egészségügyi dolgozók számára, és ennek védelme életeket menthet. Ezért az alapvető eldobható eszközök, mint például a tiszta kesztyűk, a vizsgálóköntösök és a fertőtlenítő törlőkendők, könnyen figyelmen kívül hagyott, de létfontosságú szerepet játszanak a fertőzések megelőzésében.</p>
</div>
<figure><strong>Segítsetek nekünk egyéni védőfelszerelést biztosítani a bátor ukránoknak, akik a szabadságukért küzdenek!</strong></p>
<h3>Jogi nyilatkozatok</h3>
<ul class="disclaimer-list">
<li>Az Ukraine Defense Support egy bejegyzett 501(c)3 nonprofit szervezet (EIN 92-2693929). Az UDS teljes egészében fizetés nélküli önkéntesekből áll. Az adományod 100%-ja kritikus segítségnyújtásra fordítódik.</li>
<li>Az Ukraine Defense Support nem halálos felszereléseket biztosít az ukrán védőknek, amelyek segítenek megmenteni az életüket.</li>
<li>Az Ukraine Defense Support nem vásárol, nem szállít és nem is kezel katonai fegyvereket, és soha nem is fog.</li>
</ul>
</figure>

munkafüzet
